{"version":"1.0","provider_name":"ACRV","provider_url":"https:\/\/www.cahr-acrv.ca\/fr\/","author_name":"Jay","author_url":"https:\/\/www.cahr-acrv.ca\/fr\/author\/jstrauss\/","title":"Journ\u00e9e mondiale du sida 2024 &#8211; ACRV","type":"rich","width":600,"height":338,"html":"<blockquote class=\"wp-embedded-content\" data-secret=\"wA7OtZzMlo\"><a href=\"https:\/\/www.cahr-acrv.ca\/fr\/un-article\/journee-mondiale-du-sida-2024\/\">Journ\u00e9e mondiale du sida 2024<\/a><\/blockquote><iframe sandbox=\"allow-scripts\" security=\"restricted\" src=\"https:\/\/www.cahr-acrv.ca\/fr\/un-article\/journee-mondiale-du-sida-2024\/embed\/#?secret=wA7OtZzMlo\" width=\"600\" height=\"338\" title=\"\u00ab\u00a0Journ\u00e9e mondiale du sida 2024\u00a0\u00bb &#8212; ACRV\" data-secret=\"wA7OtZzMlo\" frameborder=\"0\" marginwidth=\"0\" marginheight=\"0\" scrolling=\"no\" class=\"wp-embedded-content\"><\/iframe><script type=\"text\/javascript\">\n\/* <![CDATA[ *\/\n\/*! This file is auto-generated *\/\n!function(d,l){\"use strict\";l.querySelector&&d.addEventListener&&\"undefined\"!=typeof URL&&(d.wp=d.wp||{},d.wp.receiveEmbedMessage||(d.wp.receiveEmbedMessage=function(e){var t=e.data;if((t||t.secret||t.message||t.value)&&!\/[^a-zA-Z0-9]\/.test(t.secret)){for(var s,r,n,a=l.querySelectorAll('iframe[data-secret=\"'+t.secret+'\"]'),o=l.querySelectorAll('blockquote[data-secret=\"'+t.secret+'\"]'),c=new RegExp(\"^https?:$\",\"i\"),i=0;i<o.length;i++)o[i].style.display=\"none\";for(i=0;i<a.length;i++)s=a[i],e.source===s.contentWindow&&(s.removeAttribute(\"style\"),\"height\"===t.message?(1e3<(r=parseInt(t.value,10))?r=1e3:~~r<200&&(r=200),s.height=r):\"link\"===t.message&&(r=new URL(s.getAttribute(\"src\")),n=new URL(t.value),c.test(n.protocol))&&n.host===r.host&&l.activeElement===s&&(d.top.location.href=t.value))}},d.addEventListener(\"message\",d.wp.receiveEmbedMessage,!1),l.addEventListener(\"DOMContentLoaded\",function(){for(var e,t,s=l.querySelectorAll(\"iframe.wp-embedded-content\"),r=0;r<s.length;r++)(t=(e=s[r]).getAttribute(\"data-secret\"))||(t=Math.random().toString(36).substring(2,12),e.src+=\"#?secret=\"+t,e.setAttribute(\"data-secret\",t)),e.contentWindow.postMessage({message:\"ready\",secret:t},\"*\")},!1)))}(window,document);\n\/\/# sourceURL=https:\/\/www.cahr-acrv.ca\/wp-includes\/js\/wp-embed.min.js\n\/* ]]> *\/\n<\/script>\n","description":"En cette Journ\u00e9e mondiale du sida, l\u2019ACRV rappelle les millions de personnes emport\u00e9es par ce fl\u00e9au, affirme son soutien et sa compassion envers les personnes vivant avec le VIH et souligne le d\u00e9vouement et les r\u00e9alisations des chercheurs canadiens de toutes les disciplines et collectivit\u00e9s de recherche sur le VIH. En 2024, l&rsquo;ACRV a eu [&hellip;]"}

Journée mondiale du sida 2024 &#8211; ACRV

<blockquote class="wp-embedded-content" data-secret="wA7OtZzMlo"><a href="https://www.cahr-acrv.ca/fr/un-article/journee-mondiale-du-sida-2024/">Journée mondiale du sida 2024</a></blockquote><iframe sandbox="allow-scripts" security="restricted" src="https://www.cahr-acrv.ca/fr/un-article/journee-mondiale-du-sida-2024/embed/#?secret=wA7OtZzMlo" width="600" height="338" title="« Journée mondiale du sida 2024 » &#8212; ACRV" data-secret="wA7OtZzMlo" frameborder="0" marginwidth="0" marginheight="0" scrolling="no" class="wp-embedded-content"></iframe><script type="text/javascript">
/* <![CDATA[ */
/*! This file is auto-generated */
!function(d,l){"use strict";l.querySelector&&d.addEventListener&&"undefined"!=typeof URL&&(d.wp=d.wp||{},d.wp.receiveEmbedMessage||(d.wp.receiveEmbedMessage=function(e){var t=e.data;if((t||t.secret||t.message||t.value)&&!/[^a-zA-Z0-9]/.test(t.secret)){for(var s,r,n,a=l.querySelectorAll('iframe[data-secret="'+t.secret+'"]'),o=l.querySelectorAll('blockquote[data-secret="'+t.secret+'"]'),c=new RegExp("^https?:$","i"),i=0;i<o.length;i++)o[i].style.display="none";for(i=0;i<a.length;i++)s=a[i],e.source===s.contentWindow&&(s.removeAttribute("style"),"height"===t.message?(1e3<(r=parseInt(t.value,10))?r=1e3:~~r<200&&(r=200),s.height=r):"link"===t.message&&(r=new URL(s.getAttribute("src")),n=new URL(t.value),c.test(n.protocol))&&n.host===r.host&&l.activeElement===s&&(d.top.location.href=t.value))}},d.addEventListener("message",d.wp.receiveEmbedMessage,!1),l.addEventListener("DOMContentLoaded",function(){for(var e,t,s=l.querySelectorAll("iframe.wp-embedded-content"),r=0;r<s.length;r++)(t=(e=s[r]).getAttribute("data-secret"))||(t=Math.random().toString(36).substring(2,12),e.src+="#?secret="+t,e.setAttribute("data-secret",t)),e.contentWindow.postMessage({message:"ready",secret:t},"*")},!1)))}(window,document);
//# sourceURL=https://www.cahr-acrv.ca/wp-includes/js/wp-embed.min.js
/* ]]> */
</script>

En cette Journée mondiale du sida, l’ACRV rappelle les millions de personnes emportées par ce fléau, affirme son soutien et sa compassion envers les personnes vivant avec le VIH et souligne le dévouement et les réalisations des chercheurs canadiens de toutes les disciplines et collectivités de recherche sur le VIH. En 2024, l&rsquo;ACRV a eu [&hellip;]
